{"id":7570,"date":"2021-07-22T01:22:58","date_gmt":"2021-07-21T23:22:58","guid":{"rendered":"https:\/\/chateau-miglos.fr\/wordpress-test\/?page_id=7570"},"modified":"2024-10-23T00:23:12","modified_gmt":"2024-10-22T22:23:12","slug":"photos-panneaux","status":"publish","type":"page","link":"https:\/\/chateau-miglos.fr\/wordpress-test\/photos-panneaux\/","title":{"rendered":"Photos des panneaux"},"content":{"rendered":"\n<figure class=\"wp-block-gallery has-nested-images columns-default is-cropped wp-block-gallery-1 is-layout-flex wp-block-gallery-is-layout-flex\">\n<figure class=\"wp-block-image size-large\"><a href=\"https:\/\/chateau-miglos.fr\/wordpress-test\/wp-content\/uploads\/2021\/07\/2021-07_m0-Chemin-depart-1-scaled.jpg\" data-rel=\"lightbox-gallery-MnE73xWM\" data-rl_title=\"2021-07_m0-Chemin-depart-1\" data-rl_caption=\"\" title=\"2021-07_m0-Chemin-depart-1\"><img loading=\"lazy\" decoding=\"async\" width=\"1024\" height=\"683\" data-id=\"7571\" src=\"https:\/\/chateau-miglos.fr\/wordpress-test\/wp-content\/uploads\/2021\/07\/2021-07_m0-Chemin-depart-1-1024x683.jpg\" alt=\"\" class=\"wp-image-7571\"\/><\/a><\/figure>\n\n\n\n<figure class=\"wp-block-image size-large\"><a href=\"https:\/\/chateau-miglos.fr\/wordpress-test\/wp-content\/uploads\/2021\/07\/2021-07_m0-Chemin-depart-2-scaled.jpg\" data-rel=\"lightbox-gallery-MnE73xWM\" data-rl_title=\"2021-07_m0-Chemin-depart-2\" data-rl_caption=\"\" title=\"2021-07_m0-Chemin-depart-2\"><img loading=\"lazy\" decoding=\"async\" width=\"1024\" height=\"683\" data-id=\"7572\" src=\"https:\/\/chateau-miglos.fr\/wordpress-test\/wp-content\/uploads\/2021\/07\/2021-07_m0-Chemin-depart-2-1024x683.jpg\" alt=\"\" class=\"wp-image-7572\"\/><\/a><\/figure>\n\n\n\n<figure class=\"wp-block-image size-large\"><a href=\"https:\/\/chateau-miglos.fr\/wordpress-test\/wp-content\/uploads\/2021\/07\/2021-07_m2-Chemin-eglise-1-scaled.jpg\" data-rel=\"lightbox-gallery-MnE73xWM\" data-rl_title=\"2021-07_m2-Chemin-eglise-1\" data-rl_caption=\"\" title=\"2021-07_m2-Chemin-eglise-1\"><img loading=\"lazy\" decoding=\"async\" width=\"1024\" height=\"683\" data-id=\"7573\" src=\"https:\/\/chateau-miglos.fr\/wordpress-test\/wp-content\/uploads\/2021\/07\/2021-07_m2-Chemin-eglise-1-1024x683.jpg\" alt=\"\" class=\"wp-image-7573\"\/><\/a><\/figure>\n\n\n\n<figure class=\"wp-block-image size-large\"><a href=\"https:\/\/chateau-miglos.fr\/wordpress-test\/wp-content\/uploads\/2021\/07\/2021-07_m2-Chemin-eglise-2-scaled.jpg\" data-rel=\"lightbox-gallery-MnE73xWM\" data-rl_title=\"2021-07_m2-Chemin-eglise-2\" data-rl_caption=\"\" title=\"2021-07_m2-Chemin-eglise-2\"><img loading=\"lazy\" decoding=\"async\" width=\"1024\" height=\"683\" data-id=\"7574\" src=\"https:\/\/chateau-miglos.fr\/wordpress-test\/wp-content\/uploads\/2021\/07\/2021-07_m2-Chemin-eglise-2-1024x683.jpg\" alt=\"\" class=\"wp-image-7574\"\/><\/a><\/figure>\n\n\n\n<figure class=\"wp-block-image size-large\"><a href=\"https:\/\/chateau-miglos.fr\/wordpress-test\/wp-content\/uploads\/2021\/07\/2021-07_m2-Chemin-eglise-3-scaled.jpg\" data-rel=\"lightbox-gallery-MnE73xWM\" data-rl_title=\"2021-07_m2-Chemin-eglise-3\" data-rl_caption=\"\" title=\"2021-07_m2-Chemin-eglise-3\"><img loading=\"lazy\" decoding=\"async\" width=\"1024\" height=\"683\" data-id=\"7575\" src=\"https:\/\/chateau-miglos.fr\/wordpress-test\/wp-content\/uploads\/2021\/07\/2021-07_m2-Chemin-eglise-3-1024x683.jpg\" alt=\"\" class=\"wp-image-7575\"\/><\/a><\/figure>\n\n\n\n<figure class=\"wp-block-image size-large\"><a href=\"https:\/\/chateau-miglos.fr\/wordpress-test\/wp-content\/uploads\/2021\/07\/2021-07_m4-Chemin-Andorran-1-scaled.jpg\" data-rel=\"lightbox-gallery-MnE73xWM\" data-rl_title=\"2021-07_m4-Chemin-Andorran-1\" data-rl_caption=\"\" title=\"2021-07_m4-Chemin-Andorran-1\"><img loading=\"lazy\" decoding=\"async\" width=\"1024\" height=\"683\" data-id=\"7576\" src=\"https:\/\/chateau-miglos.fr\/wordpress-test\/wp-content\/uploads\/2021\/07\/2021-07_m4-Chemin-Andorran-1-1024x683.jpg\" alt=\"\" class=\"wp-image-7576\"\/><\/a><\/figure>\n\n\n\n<figure class=\"wp-block-image size-large\"><a href=\"https:\/\/chateau-miglos.fr\/wordpress-test\/wp-content\/uploads\/2021\/07\/2021-07_m4-Chemin-Andorran-2-scaled.jpg\" data-rel=\"lightbox-gallery-MnE73xWM\" data-rl_title=\"2021-07_m4-Chemin-Andorran-2\" data-rl_caption=\"\" title=\"2021-07_m4-Chemin-Andorran-2\"><img loading=\"lazy\" decoding=\"async\" width=\"1024\" height=\"683\" data-id=\"7577\" src=\"https:\/\/chateau-miglos.fr\/wordpress-test\/wp-content\/uploads\/2021\/07\/2021-07_m4-Chemin-Andorran-2-1024x683.jpg\" alt=\"\" class=\"wp-image-7577\"\/><\/a><\/figure>\n\n\n\n<figure class=\"wp-block-image size-large\"><a href=\"https:\/\/chateau-miglos.fr\/wordpress-test\/wp-content\/uploads\/2021\/07\/2021-07_m4-Chemin-Andorran-3-scaled.jpg\" data-rel=\"lightbox-gallery-MnE73xWM\" data-rl_title=\"2021-07_m4-Chemin-Andorran-3\" data-rl_caption=\"\" title=\"2021-07_m4-Chemin-Andorran-3\"><img loading=\"lazy\" decoding=\"async\" width=\"1024\" height=\"683\" data-id=\"7578\" src=\"https:\/\/chateau-miglos.fr\/wordpress-test\/wp-content\/uploads\/2021\/07\/2021-07_m4-Chemin-Andorran-3-1024x683.jpg\" alt=\"\" class=\"wp-image-7578\"\/><\/a><\/figure>\n\n\n\n<figure class=\"wp-block-image size-large\"><a href=\"https:\/\/chateau-miglos.fr\/wordpress-test\/wp-content\/uploads\/2021\/07\/2021-07_m4-Chemin-Andorran-4-scaled.jpg\" data-rel=\"lightbox-gallery-MnE73xWM\" data-rl_title=\"2021-07_m4-Chemin-Andorran-4\" data-rl_caption=\"\" title=\"2021-07_m4-Chemin-Andorran-4\"><img loading=\"lazy\" decoding=\"async\" width=\"1024\" height=\"683\" data-id=\"7579\" src=\"https:\/\/chateau-miglos.fr\/wordpress-test\/wp-content\/uploads\/2021\/07\/2021-07_m4-Chemin-Andorran-4-1024x683.jpg\" alt=\"\" class=\"wp-image-7579\"\/><\/a><\/figure>\n\n\n\n<figure class=\"wp-block-image size-large\"><a href=\"https:\/\/chateau-miglos.fr\/wordpress-test\/wp-content\/uploads\/2021\/07\/2021-07_m6-Chemin-Castel-1-scaled.jpg\" data-rel=\"lightbox-gallery-MnE73xWM\" data-rl_title=\"2021-07_m6-Chemin-Castel-1\" data-rl_caption=\"\" title=\"2021-07_m6-Chemin-Castel-1\"><img loading=\"lazy\" decoding=\"async\" width=\"1024\" height=\"683\" data-id=\"7580\" src=\"https:\/\/chateau-miglos.fr\/wordpress-test\/wp-content\/uploads\/2021\/07\/2021-07_m6-Chemin-Castel-1-1024x683.jpg\" alt=\"\" class=\"wp-image-7580\"\/><\/a><\/figure>\n\n\n\n<figure class=\"wp-block-image size-large\"><a href=\"https:\/\/chateau-miglos.fr\/wordpress-test\/wp-content\/uploads\/2021\/07\/2021-07_m6-Chemin-Castel-2-scaled.jpg\" data-rel=\"lightbox-gallery-MnE73xWM\" data-rl_title=\"2021-07_m6-Chemin-Castel-2\" data-rl_caption=\"\" title=\"2021-07_m6-Chemin-Castel-2\"><img loading=\"lazy\" decoding=\"async\" width=\"1024\" height=\"683\" data-id=\"7581\" src=\"https:\/\/chateau-miglos.fr\/wordpress-test\/wp-content\/uploads\/2021\/07\/2021-07_m6-Chemin-Castel-2-1024x683.jpg\" alt=\"\" class=\"wp-image-7581\"\/><\/a><\/figure>\n\n\n\n<figure class=\"wp-block-image size-large\"><a href=\"https:\/\/chateau-miglos.fr\/wordpress-test\/wp-content\/uploads\/2021\/07\/2021-07_m6-Chemin-Castel-3-scaled.jpg\" data-rel=\"lightbox-gallery-MnE73xWM\" data-rl_title=\"2021-07_m6-Chemin-Castel-3\" data-rl_caption=\"\" title=\"2021-07_m6-Chemin-Castel-3\"><img loading=\"lazy\" decoding=\"async\" width=\"1024\" height=\"683\" data-id=\"7582\" src=\"https:\/\/chateau-miglos.fr\/wordpress-test\/wp-content\/uploads\/2021\/07\/2021-07_m6-Chemin-Castel-3-1024x683.jpg\" alt=\"\" class=\"wp-image-7582\"\/><\/a><\/figure>\n\n\n\n<figure class=\"wp-block-image size-large\"><a href=\"https:\/\/chateau-miglos.fr\/wordpress-test\/wp-content\/uploads\/2021\/07\/2021-07_m6-Chemin-Castel-4-scaled.jpg\" data-rel=\"lightbox-gallery-MnE73xWM\" data-rl_title=\"2021-07_m6-Chemin-Castel-4\" data-rl_caption=\"\" title=\"2021-07_m6-Chemin-Castel-4\"><img loading=\"lazy\" decoding=\"async\" width=\"1024\" height=\"683\" data-id=\"7583\" src=\"https:\/\/chateau-miglos.fr\/wordpress-test\/wp-content\/uploads\/2021\/07\/2021-07_m6-Chemin-Castel-4-1024x683.jpg\" alt=\"\" class=\"wp-image-7583\"\/><\/a><\/figure>\n\n\n\n<figure class=\"wp-block-image size-large\"><a href=\"https:\/\/chateau-miglos.fr\/wordpress-test\/wp-content\/uploads\/2021\/07\/2021-07_m8-Chemin-Rotonde-1-scaled.jpg\" data-rel=\"lightbox-gallery-MnE73xWM\" data-rl_title=\"2021-07_m8-Chemin-Rotonde-1\" data-rl_caption=\"\" title=\"2021-07_m8-Chemin-Rotonde-1\"><img loading=\"lazy\" decoding=\"async\" width=\"1024\" height=\"683\" data-id=\"7584\" src=\"https:\/\/chateau-miglos.fr\/wordpress-test\/wp-content\/uploads\/2021\/07\/2021-07_m8-Chemin-Rotonde-1-1024x683.jpg\" alt=\"\" class=\"wp-image-7584\"\/><\/a><\/figure>\n\n\n\n<figure class=\"wp-block-image size-large\"><a href=\"https:\/\/chateau-miglos.fr\/wordpress-test\/wp-content\/uploads\/2021\/07\/2021-07_m8-Chemin-Rotonde-2-scaled.jpg\" data-rel=\"lightbox-gallery-MnE73xWM\" data-rl_title=\"2021-07_m8-Chemin-Rotonde-2\" data-rl_caption=\"\" title=\"2021-07_m8-Chemin-Rotonde-2\"><img loading=\"lazy\" decoding=\"async\" width=\"1024\" height=\"683\" data-id=\"7585\" src=\"https:\/\/chateau-miglos.fr\/wordpress-test\/wp-content\/uploads\/2021\/07\/2021-07_m8-Chemin-Rotonde-2-1024x683.jpg\" alt=\"\" class=\"wp-image-7585\"\/><\/a><\/figure>\n\n\n\n<figure class=\"wp-block-image size-large\"><a href=\"https:\/\/chateau-miglos.fr\/wordpress-test\/wp-content\/uploads\/2021\/07\/2021-07_n0-Chemin-table-1-scaled.jpg\" data-rel=\"lightbox-gallery-MnE73xWM\" data-rl_title=\"2021-07_n0-Chemin-table-1\" data-rl_caption=\"\" title=\"2021-07_n0-Chemin-table-1\"><img loading=\"lazy\" decoding=\"async\" width=\"683\" height=\"1024\" data-id=\"7586\" src=\"https:\/\/chateau-miglos.fr\/wordpress-test\/wp-content\/uploads\/2021\/07\/2021-07_n0-Chemin-table-1-683x1024.jpg\" alt=\"\" class=\"wp-image-7586\"\/><\/a><\/figure>\n\n\n\n<figure class=\"wp-block-image size-large\"><a href=\"https:\/\/chateau-miglos.fr\/wordpress-test\/wp-content\/uploads\/2021\/07\/2021-07_n0-Chemin-table-2-scaled.jpg\" data-rel=\"lightbox-gallery-MnE73xWM\" data-rl_title=\"2021-07_n0-Chemin-table-2\" data-rl_caption=\"\" title=\"2021-07_n0-Chemin-table-2\"><img loading=\"lazy\" decoding=\"async\" width=\"1024\" height=\"683\" data-id=\"7587\" src=\"https:\/\/chateau-miglos.fr\/wordpress-test\/wp-content\/uploads\/2021\/07\/2021-07_n0-Chemin-table-2-1024x683.jpg\" alt=\"\" class=\"wp-image-7587\"\/><\/a><\/figure>\n\n\n\n<figure class=\"wp-block-image size-large\"><a href=\"https:\/\/chateau-miglos.fr\/wordpress-test\/wp-content\/uploads\/2021\/07\/2021-07_n0-Chemin-table-3-scaled.jpg\" data-rel=\"lightbox-gallery-MnE73xWM\" data-rl_title=\"2021-07_n0-Chemin-table-3\" data-rl_caption=\"\" title=\"2021-07_n0-Chemin-table-3\"><img loading=\"lazy\" decoding=\"async\" width=\"1024\" height=\"683\" data-id=\"7588\" src=\"https:\/\/chateau-miglos.fr\/wordpress-test\/wp-content\/uploads\/2021\/07\/2021-07_n0-Chemin-table-3-1024x683.jpg\" alt=\"\" class=\"wp-image-7588\"\/><\/a><\/figure>\n\n\n\n<figure class=\"wp-block-image size-large\"><a href=\"https:\/\/chateau-miglos.fr\/wordpress-test\/wp-content\/uploads\/2021\/07\/2021-07_n2-Chemin-panneau-1-scaled.jpg\" data-rel=\"lightbox-gallery-MnE73xWM\" data-rl_title=\"2021-07_n2-Chemin-panneau-1\" data-rl_caption=\"\" title=\"2021-07_n2-Chemin-panneau-1\"><img loading=\"lazy\" decoding=\"async\" width=\"1024\" height=\"683\" data-id=\"7589\" src=\"https:\/\/chateau-miglos.fr\/wordpress-test\/wp-content\/uploads\/2021\/07\/2021-07_n2-Chemin-panneau-1-1024x683.jpg\" alt=\"\" class=\"wp-image-7589\"\/><\/a><\/figure>\n\n\n\n<figure class=\"wp-block-image size-large\"><a href=\"https:\/\/chateau-miglos.fr\/wordpress-test\/wp-content\/uploads\/2021\/07\/2021-07_n2-Chemin-panneau-2-scaled.jpg\" data-rel=\"lightbox-gallery-MnE73xWM\" data-rl_title=\"2021-07_n2-Chemin-panneau-2\" data-rl_caption=\"\" title=\"2021-07_n2-Chemin-panneau-2\"><img loading=\"lazy\" decoding=\"async\" width=\"1024\" height=\"683\" data-id=\"7590\" src=\"https:\/\/chateau-miglos.fr\/wordpress-test\/wp-content\/uploads\/2021\/07\/2021-07_n2-Chemin-panneau-2-1024x683.jpg\" alt=\"\" class=\"wp-image-7590\"\/><\/a><\/figure>\n\n\n\n<figure class=\"wp-block-image size-large\"><a href=\"https:\/\/chateau-miglos.fr\/wordpress-test\/wp-content\/uploads\/2021\/07\/2021-07_n4-Chemin-cultures-1-scaled.jpg\" data-rel=\"lightbox-gallery-MnE73xWM\" data-rl_title=\"2021-07_n4-Chemin-cultures-1\" data-rl_caption=\"\" title=\"2021-07_n4-Chemin-cultures-1\"><img loading=\"lazy\" decoding=\"async\" width=\"1024\" height=\"683\" data-id=\"7591\" src=\"https:\/\/chateau-miglos.fr\/wordpress-test\/wp-content\/uploads\/2021\/07\/2021-07_n4-Chemin-cultures-1-1024x683.jpg\" alt=\"\" class=\"wp-image-7591\"\/><\/a><\/figure>\n\n\n\n<figure class=\"wp-block-image size-large\"><a href=\"https:\/\/chateau-miglos.fr\/wordpress-test\/wp-content\/uploads\/2021\/07\/2021-07_n4-Chemin-cultures-2-scaled.jpg\" data-rel=\"lightbox-gallery-MnE73xWM\" data-rl_title=\"2021-07_n4-Chemin-cultures-2\" data-rl_caption=\"\" title=\"2021-07_n4-Chemin-cultures-2\"><img loading=\"lazy\" decoding=\"async\" width=\"1024\" height=\"683\" data-id=\"7592\" src=\"https:\/\/chateau-miglos.fr\/wordpress-test\/wp-content\/uploads\/2021\/07\/2021-07_n4-Chemin-cultures-2-1024x683.jpg\" alt=\"\" class=\"wp-image-7592\"\/><\/a><\/figure>\n\n\n\n<figure class=\"wp-block-image size-large\"><a href=\"https:\/\/chateau-miglos.fr\/wordpress-test\/wp-content\/uploads\/2021\/07\/2021-07_n4-Chemin-cultures-3-scaled.jpg\" data-rel=\"lightbox-gallery-MnE73xWM\" data-rl_title=\"2021-07_n4-Chemin-cultures-3\" data-rl_caption=\"\" title=\"2021-07_n4-Chemin-cultures-3\"><img loading=\"lazy\" decoding=\"async\" width=\"1024\" height=\"683\" data-id=\"7593\" src=\"https:\/\/chateau-miglos.fr\/wordpress-test\/wp-content\/uploads\/2021\/07\/2021-07_n4-Chemin-cultures-3-1024x683.jpg\" alt=\"\" class=\"wp-image-7593\"\/><\/a><\/figure>\n\n\n\n<figure class=\"wp-block-image size-large\"><a href=\"https:\/\/chateau-miglos.fr\/wordpress-test\/wp-content\/uploads\/2021\/07\/2021-07_n4-Chemin-cultures-4-scaled.jpg\" data-rel=\"lightbox-gallery-MnE73xWM\" data-rl_title=\"2021-07_n4-Chemin-cultures-4\" data-rl_caption=\"\" title=\"2021-07_n4-Chemin-cultures-4\"><img loading=\"lazy\" decoding=\"async\" width=\"1024\" height=\"683\" data-id=\"7594\" src=\"https:\/\/chateau-miglos.fr\/wordpress-test\/wp-content\/uploads\/2021\/07\/2021-07_n4-Chemin-cultures-4-1024x683.jpg\" alt=\"\" class=\"wp-image-7594\"\/><\/a><\/figure>\n<\/figure>\n","protected":false},"excerpt":{"rendered":"","protected":false},"author":2,"featured_media":9840,"parent":0,"menu_order":0,"comment_status":"closed","ping_status":"closed","template":"template-fullwidth.php","meta":{"ngg_post_thumbnail":0,"footnotes":""},"yoast_head":"<!-- This site is optimized with the Yoast SEO plugin v23.0 - https:\/\/yoast.com\/wordpress\/plugins\/seo\/ -->\n<title>Photos des panneaux - Ch\u00e2teau de Miglos<\/title>\n<meta name=\"robots\" content=\"index, follow, max-snippet:-1, max-image-preview:large, max-video-preview:-1\" \/>\n<link rel=\"canonical\" href=\"https:\/\/chateau-miglos.fr\/wordpress-test\/photos-panneaux\/\" \/>\n<meta property=\"og:locale\" content=\"fr_FR\" \/>\n<meta property=\"og:type\" content=\"article\" \/>\n<meta property=\"og:title\" content=\"Photos des panneaux - Ch\u00e2teau de Miglos\" \/>\n<meta property=\"og:url\" content=\"https:\/\/chateau-miglos.fr\/wordpress-test\/photos-panneaux\/\" \/>\n<meta property=\"og:site_name\" content=\"Ch\u00e2teau de Miglos\" \/>\n<meta property=\"article:publisher\" content=\"https:\/\/www.facebook.com\/chateaudemiglos\/\" \/>\n<meta property=\"article:modified_time\" content=\"2024-10-22T22:23:12+00:00\" \/>\n<meta property=\"og:image\" content=\"https:\/\/chateau-miglos.fr\/wordpress-test\/wp-content\/uploads\/2024\/10\/photos-panneaux.png\" \/>\n\t<meta property=\"og:image:width\" content=\"300\" \/>\n\t<meta property=\"og:image:height\" content=\"300\" \/>\n\t<meta property=\"og:image:type\" content=\"image\/png\" \/>\n<meta name=\"twitter:card\" content=\"summary_large_image\" \/>\n<meta name=\"twitter:label1\" content=\"Dur\u00e9e de lecture estim\u00e9e\" \/>\n\t<meta name=\"twitter:data1\" content=\"5 minutes\" \/>\n<script type=\"application\/ld+json\" class=\"yoast-schema-graph\">{\"@context\":\"https:\/\/schema.org\",\"@graph\":[{\"@type\":\"WebPage\",\"@id\":\"https:\/\/chateau-miglos.fr\/wordpress-test\/photos-panneaux\/\",\"url\":\"https:\/\/chateau-miglos.fr\/wordpress-test\/photos-panneaux\/\",\"name\":\"Photos des panneaux - Ch\u00e2teau de Miglos\",\"isPartOf\":{\"@id\":\"https:\/\/chateau-miglos.fr\/wordpress-test\/#website\"},\"primaryImageOfPage\":{\"@id\":\"https:\/\/chateau-miglos.fr\/wordpress-test\/photos-panneaux\/#primaryimage\"},\"image\":{\"@id\":\"https:\/\/chateau-miglos.fr\/wordpress-test\/photos-panneaux\/#primaryimage\"},\"thumbnailUrl\":\"https:\/\/chateau-miglos.fr\/wordpress-test\/wp-content\/uploads\/2024\/10\/photos-panneaux.png\",\"datePublished\":\"2021-07-21T23:22:58+00:00\",\"dateModified\":\"2024-10-22T22:23:12+00:00\",\"breadcrumb\":{\"@id\":\"https:\/\/chateau-miglos.fr\/wordpress-test\/photos-panneaux\/#breadcrumb\"},\"inLanguage\":\"fr-FR\",\"potentialAction\":[{\"@type\":\"ReadAction\",\"target\":[\"https:\/\/chateau-miglos.fr\/wordpress-test\/photos-panneaux\/\"]}]},{\"@type\":\"ImageObject\",\"inLanguage\":\"fr-FR\",\"@id\":\"https:\/\/chateau-miglos.fr\/wordpress-test\/photos-panneaux\/#primaryimage\",\"url\":\"https:\/\/chateau-miglos.fr\/wordpress-test\/wp-content\/uploads\/2024\/10\/photos-panneaux.png\",\"contentUrl\":\"https:\/\/chateau-miglos.fr\/wordpress-test\/wp-content\/uploads\/2024\/10\/photos-panneaux.png\",\"width\":300,\"height\":300},{\"@type\":\"BreadcrumbList\",\"@id\":\"https:\/\/chateau-miglos.fr\/wordpress-test\/photos-panneaux\/#breadcrumb\",\"itemListElement\":[{\"@type\":\"ListItem\",\"position\":1,\"name\":\"Accueil\",\"item\":\"https:\/\/chateau-miglos.fr\/wordpress-test\/\"},{\"@type\":\"ListItem\",\"position\":2,\"name\":\"Photos des panneaux\"}]},{\"@type\":\"WebSite\",\"@id\":\"https:\/\/chateau-miglos.fr\/wordpress-test\/#website\",\"url\":\"https:\/\/chateau-miglos.fr\/wordpress-test\/\",\"name\":\"Ch\u00e2teau de Miglos\",\"description\":\"une ch\u00e2teau, une vall\u00e9e\",\"publisher\":{\"@id\":\"https:\/\/chateau-miglos.fr\/wordpress-test\/#organization\"},\"potentialAction\":[{\"@type\":\"SearchAction\",\"target\":{\"@type\":\"EntryPoint\",\"urlTemplate\":\"https:\/\/chateau-miglos.fr\/wordpress-test\/?s={search_term_string}\"},\"query-input\":\"required name=search_term_string\"}],\"inLanguage\":\"fr-FR\"},{\"@type\":\"Organization\",\"@id\":\"https:\/\/chateau-miglos.fr\/wordpress-test\/#organization\",\"name\":\"Ch\u00e2teau de Miglos\",\"url\":\"https:\/\/chateau-miglos.fr\/wordpress-test\/\",\"logo\":{\"@type\":\"ImageObject\",\"inLanguage\":\"fr-FR\",\"@id\":\"https:\/\/chateau-miglos.fr\/wordpress-test\/#\/schema\/logo\/image\/\",\"url\":\"https:\/\/chateau-miglos.fr\/wordpress-test\/wp-content\/uploads\/2019\/06\/seul.png\",\"contentUrl\":\"https:\/\/chateau-miglos.fr\/wordpress-test\/wp-content\/uploads\/2019\/06\/seul.png\",\"width\":801,\"height\":705,\"caption\":\"Ch\u00e2teau de Miglos\"},\"image\":{\"@id\":\"https:\/\/chateau-miglos.fr\/wordpress-test\/#\/schema\/logo\/image\/\"},\"sameAs\":[\"https:\/\/www.facebook.com\/chateaudemiglos\/\",\"https:\/\/www.instagram.com\/chateaudemiglos\/\",\"https:\/\/www.youtube.com\/channel\/UC70FrOmo9xvq8eHCA4YTs9A\",\"https:\/\/fr.wikipedia.org\/wiki\/Ch\u00e2teau_de_Miglos\"]}]}<\/script>\n<!-- \/ Yoast SEO plugin. -->","yoast_head_json":{"title":"Photos des panneaux - Ch\u00e2teau de Miglos","robots":{"index":"index","follow":"follow","max-snippet":"max-snippet:-1","max-image-preview":"max-image-preview:large","max-video-preview":"max-video-preview:-1"},"canonical":"https:\/\/chateau-miglos.fr\/wordpress-test\/photos-panneaux\/","og_locale":"fr_FR","og_type":"article","og_title":"Photos des panneaux - Ch\u00e2teau de Miglos","og_url":"https:\/\/chateau-miglos.fr\/wordpress-test\/photos-panneaux\/","og_site_name":"Ch\u00e2teau de Miglos","article_publisher":"https:\/\/www.facebook.com\/chateaudemiglos\/","article_modified_time":"2024-10-22T22:23:12+00:00","og_image":[{"width":300,"height":300,"url":"https:\/\/chateau-miglos.fr\/wordpress-test\/wp-content\/uploads\/2024\/10\/photos-panneaux.png","type":"image\/png"}],"twitter_card":"summary_large_image","twitter_misc":{"Dur\u00e9e de lecture estim\u00e9e":"5 minutes"},"schema":{"@context":"https:\/\/schema.org","@graph":[{"@type":"WebPage","@id":"https:\/\/chateau-miglos.fr\/wordpress-test\/photos-panneaux\/","url":"https:\/\/chateau-miglos.fr\/wordpress-test\/photos-panneaux\/","name":"Photos des panneaux - Ch\u00e2teau de Miglos","isPartOf":{"@id":"https:\/\/chateau-miglos.fr\/wordpress-test\/#website"},"primaryImageOfPage":{"@id":"https:\/\/chateau-miglos.fr\/wordpress-test\/photos-panneaux\/#primaryimage"},"image":{"@id":"https:\/\/chateau-miglos.fr\/wordpress-test\/photos-panneaux\/#primaryimage"},"thumbnailUrl":"https:\/\/chateau-miglos.fr\/wordpress-test\/wp-content\/uploads\/2024\/10\/photos-panneaux.png","datePublished":"2021-07-21T23:22:58+00:00","dateModified":"2024-10-22T22:23:12+00:00","breadcrumb":{"@id":"https:\/\/chateau-miglos.fr\/wordpress-test\/photos-panneaux\/#breadcrumb"},"inLanguage":"fr-FR","potentialAction":[{"@type":"ReadAction","target":["https:\/\/chateau-miglos.fr\/wordpress-test\/photos-panneaux\/"]}]},{"@type":"ImageObject","inLanguage":"fr-FR","@id":"https:\/\/chateau-miglos.fr\/wordpress-test\/photos-panneaux\/#primaryimage","url":"https:\/\/chateau-miglos.fr\/wordpress-test\/wp-content\/uploads\/2024\/10\/photos-panneaux.png","contentUrl":"https:\/\/chateau-miglos.fr\/wordpress-test\/wp-content\/uploads\/2024\/10\/photos-panneaux.png","width":300,"height":300},{"@type":"BreadcrumbList","@id":"https:\/\/chateau-miglos.fr\/wordpress-test\/photos-panneaux\/#breadcrumb","itemListElement":[{"@type":"ListItem","position":1,"name":"Accueil","item":"https:\/\/chateau-miglos.fr\/wordpress-test\/"},{"@type":"ListItem","position":2,"name":"Photos des panneaux"}]},{"@type":"WebSite","@id":"https:\/\/chateau-miglos.fr\/wordpress-test\/#website","url":"https:\/\/chateau-miglos.fr\/wordpress-test\/","name":"Ch\u00e2teau de Miglos","description":"une ch\u00e2teau, une vall\u00e9e","publisher":{"@id":"https:\/\/chateau-miglos.fr\/wordpress-test\/#organization"},"potentialAction":[{"@type":"SearchAction","target":{"@type":"EntryPoint","urlTemplate":"https:\/\/chateau-miglos.fr\/wordpress-test\/?s={search_term_string}"},"query-input":"required name=search_term_string"}],"inLanguage":"fr-FR"},{"@type":"Organization","@id":"https:\/\/chateau-miglos.fr\/wordpress-test\/#organization","name":"Ch\u00e2teau de Miglos","url":"https:\/\/chateau-miglos.fr\/wordpress-test\/","logo":{"@type":"ImageObject","inLanguage":"fr-FR","@id":"https:\/\/chateau-miglos.fr\/wordpress-test\/#\/schema\/logo\/image\/","url":"https:\/\/chateau-miglos.fr\/wordpress-test\/wp-content\/uploads\/2019\/06\/seul.png","contentUrl":"https:\/\/chateau-miglos.fr\/wordpress-test\/wp-content\/uploads\/2019\/06\/seul.png","width":801,"height":705,"caption":"Ch\u00e2teau de Miglos"},"image":{"@id":"https:\/\/chateau-miglos.fr\/wordpress-test\/#\/schema\/logo\/image\/"},"sameAs":["https:\/\/www.facebook.com\/chateaudemiglos\/","https:\/\/www.instagram.com\/chateaudemiglos\/","https:\/\/www.youtube.com\/channel\/UC70FrOmo9xvq8eHCA4YTs9A","https:\/\/fr.wikipedia.org\/wiki\/Ch\u00e2teau_de_Miglos"]}]}},"rttpg_featured_image_url":{"full":["https:\/\/chateau-miglos.fr\/wordpress-test\/wp-content\/uploads\/2024\/10\/photos-panneaux.png",300,300,false],"landscape":["https:\/\/chateau-miglos.fr\/wordpress-test\/wp-content\/uploads\/2024\/10\/photos-panneaux.png",300,300,false],"portraits":["https:\/\/chateau-miglos.fr\/wordpress-test\/wp-content\/uploads\/2024\/10\/photos-panneaux.png",300,300,false],"thumbnail":["https:\/\/chateau-miglos.fr\/wordpress-test\/wp-content\/uploads\/2024\/10\/photos-panneaux-150x150.png",150,150,true],"medium":["https:\/\/chateau-miglos.fr\/wordpress-test\/wp-content\/uploads\/2024\/10\/photos-panneaux.png",300,300,false],"large":["https:\/\/chateau-miglos.fr\/wordpress-test\/wp-content\/uploads\/2024\/10\/photos-panneaux.png",300,300,false],"1536x1536":["https:\/\/chateau-miglos.fr\/wordpress-test\/wp-content\/uploads\/2024\/10\/photos-panneaux.png",300,300,false],"2048x2048":["https:\/\/chateau-miglos.fr\/wordpress-test\/wp-content\/uploads\/2024\/10\/photos-panneaux.png",300,300,false],"onepress-blog-small":["https:\/\/chateau-miglos.fr\/wordpress-test\/wp-content\/uploads\/2024\/10\/photos-panneaux-300x150.png",300,150,true],"onepress-small":["https:\/\/chateau-miglos.fr\/wordpress-test\/wp-content\/uploads\/2024\/10\/photos-panneaux.png",300,300,false],"onepress-medium":["https:\/\/chateau-miglos.fr\/wordpress-test\/wp-content\/uploads\/2024\/10\/photos-panneaux.png",300,300,false],"sow-carousel-default":["https:\/\/chateau-miglos.fr\/wordpress-test\/wp-content\/uploads\/2024\/10\/photos-panneaux-272x182.png",272,182,true]},"rttpg_author":{"display_name":"AACM","author_link":"https:\/\/chateau-miglos.fr\/wordpress-test\/author\/aacm\/"},"rttpg_comment":0,"rttpg_category":null,"rttpg_excerpt":null,"_links":{"self":[{"href":"https:\/\/chateau-miglos.fr\/wordpress-test\/wp-json\/wp\/v2\/pages\/7570"}],"collection":[{"href":"https:\/\/chateau-miglos.fr\/wordpress-test\/wp-json\/wp\/v2\/pages"}],"about":[{"href":"https:\/\/chateau-miglos.fr\/wordpress-test\/wp-json\/wp\/v2\/types\/page"}],"author":[{"embeddable":true,"href":"https:\/\/chateau-miglos.fr\/wordpress-test\/wp-json\/wp\/v2\/users\/2"}],"replies":[{"embeddable":true,"href":"https:\/\/chateau-miglos.fr\/wordpress-test\/wp-json\/wp\/v2\/comments?post=7570"}],"version-history":[{"count":3,"href":"https:\/\/chateau-miglos.fr\/wordpress-test\/wp-json\/wp\/v2\/pages\/7570\/revisions"}],"predecessor-version":[{"id":9836,"href":"https:\/\/chateau-miglos.fr\/wordpress-test\/wp-json\/wp\/v2\/pages\/7570\/revisions\/9836"}],"wp:featuredmedia":[{"embeddable":true,"href":"https:\/\/chateau-miglos.fr\/wordpress-test\/wp-json\/wp\/v2\/media\/9840"}],"wp:attachment":[{"href":"https:\/\/chateau-miglos.fr\/wordpress-test\/wp-json\/wp\/v2\/media?parent=7570"}],"curies":[{"name":"wp","href":"https:\/\/api.w.org\/{rel}","templated":true}]}}