{"id":5617,"date":"2020-06-28T05:16:32","date_gmt":"2020-06-28T03:16:32","guid":{"rendered":"https:\/\/chateau-miglos.fr\/wordpress-test\/?page_id=5617"},"modified":"2021-07-23T02:11:35","modified_gmt":"2021-07-23T00:11:35","slug":"history-of-miglos-castle","status":"publish","type":"page","link":"https:\/\/chateau-miglos.fr\/wordpress-test\/explorer\/chemin-dinterpretation\/history-of-miglos-castle\/","title":{"rendered":"History of Miglos Castle"},"content":{"rendered":"\n<h2 class=\"wp-block-heading\">Throughout history<\/h2>\n\n\n\n<p>Miglos Castle, located at a strategic point in the Vicdessos valley, was to become part of an important defense system in the upper county of Foix.<\/p>\n\n\n\n<div class=\"wp-block-image\"><figure class=\"aligncenter size-large is-resized\"><a href=\"https:\/\/chateau-miglos.fr\/wordpress-test\/wp-content\/uploads\/2021\/07\/lahondes.png\" data-rel=\"lightbox-gallery-oZonUyzM\" data-rl_title=\"Le Ch\u00e2teau de Miglos en 1884 par Jules de Lahond\u00e8s. Lithographie extraite de \u00abQuelques ch\u00e2teaux du Pays de Foix\u00bb\" data-rl_caption=\"\" title=\"Le Ch\u00e2teau de Miglos en 1884 par Jules de Lahond\u00e8s. Lithographie extraite de \u00abQuelques ch\u00e2teaux du Pays de Foix\u00bb\"><img loading=\"lazy\" decoding=\"async\" src=\"https:\/\/chateau-miglos.fr\/wordpress-test\/wp-content\/uploads\/2021\/07\/lahondes-1024x663.png\" alt=\"\" class=\"wp-image-7473\" width=\"1024\" height=\"663\"\/><\/a><\/figure><\/div>\n\n\n\n<p>He was in fact in contact with the castles of Montreal-de-Sos (Olbier), Qui\u00e9 and G\u00e9nat. Fort Castel Merle (north of Miglos), now extinct, probably belonged to the defensive system of Miglos, which was perhaps also the case of the &#8220;Caougno paredado&#8221; (the fortified cave of Baychon, also located to the north. ).<\/p>\n\n\n\n<figure class=\"wp-block-gallery columns-2 is-cropped wp-block-gallery-1 is-layout-flex wp-block-gallery-is-layout-flex\"><ul class=\"blocks-gallery-grid\"><li class=\"blocks-gallery-item\"><figure><a href=\"https:\/\/chateau-miglos.fr\/wordpress-test\/wp-content\/uploads\/2021\/07\/carte-limite-commune-1024.png\" data-rel=\"lightbox-gallery-oZonUyzM\" data-rl_title=\"Situation du ch\u00e2teau de Miglos et diff\u00e9rents lieux cit\u00e9s dans le texte \u00a9 AACM\" data-rl_caption=\"\" title=\"Situation du ch\u00e2teau de Miglos et diff\u00e9rents lieux cit\u00e9s dans le texte \u00a9 AACM\"><img loading=\"lazy\" decoding=\"async\" width=\"768\" height=\"1024\" src=\"https:\/\/chateau-miglos.fr\/wordpress-test\/wp-content\/uploads\/2021\/07\/carte-limite-commune-1024.png\" alt=\"\" data-id=\"7492\" data-full-url=\"https:\/\/chateau-miglos.fr\/wordpress-test\/wp-content\/uploads\/2021\/07\/carte-limite-commune-1024.png\" data-link=\"https:\/\/chateau-miglos.fr\/wordpress-test\/explorer\/chemin-dinterpretation\/historique-du-chateau-de-miglos\/carte-limite-commune-1024\/\" class=\"wp-image-7492\"\/><\/a><\/figure><\/li><li class=\"blocks-gallery-item\"><figure><a href=\"https:\/\/chateau-miglos.fr\/wordpress-test\/wp-content\/uploads\/2021\/07\/spoulga-1024.png\" data-rel=\"lightbox-gallery-oZonUyzM\" data-rl_title=\"Spoulga de Baychon &#8211; \u00a9 AACM &#8211; Drone09\" data-rl_caption=\"\" title=\"Spoulga de Baychon &#8211; \u00a9 AACM &#8211; Drone09\"><img loading=\"lazy\" decoding=\"async\" width=\"768\" height=\"1024\" src=\"https:\/\/chateau-miglos.fr\/wordpress-test\/wp-content\/uploads\/2021\/07\/spoulga-1024.png\" alt=\"\" data-id=\"7493\" data-full-url=\"https:\/\/chateau-miglos.fr\/wordpress-test\/wp-content\/uploads\/2021\/07\/spoulga-1024.png\" data-link=\"https:\/\/chateau-miglos.fr\/wordpress-test\/explorer\/chemin-dinterpretation\/historique-du-chateau-de-miglos\/spoulga-1024\/\" class=\"wp-image-7493\"\/><\/a><\/figure><\/li><\/ul><\/figure>\n\n\n\n<p>If the town of Miglos is mentioned in the cartulary of Saint-Sernin from 1108, the castle does not appear in the texts until the middle of the 12th century. In 1159, Pierre de Miglos paid homage to the Count of Foix for his castle.<\/p>\n\n\n\n<p><strong>In 1213, the \u201ccastrum de Merglos\u201d was one of the strongholds (17 castles and 6 fortified caves) that the Count of Foix, Raymond-Roger, gave as a guarantee to Peter II of Aragon, as a pledge of his submission to the Church of Rome, in the midst of a crusade against the Albigenses. It is also named in the survey on the delimitation of the county of Foix, carried out in 1272: &#8220;\u2026 item vallis de Miglos cum castro de Miglos et sua dominatione \u2026&#8221;.<\/strong><\/p>\n\n\n\n<div class=\"wp-block-image\"><figure class=\"aligncenter size-large is-resized\"><a href=\"https:\/\/chateau-miglos.fr\/wordpress-test\/wp-content\/uploads\/2021\/07\/1213.png\" data-rel=\"lightbox-gallery-oZonUyzM\" data-rl_title=\"1213\" data-rl_caption=\"\" title=\"1213\"><img loading=\"lazy\" decoding=\"async\" src=\"https:\/\/chateau-miglos.fr\/wordpress-test\/wp-content\/uploads\/2021\/07\/1213-989x1024.png\" alt=\"\" class=\"wp-image-7487\" width=\"742\" height=\"768\"\/><\/a><\/figure><\/div>\n\n\n\n<hr class=\"wp-block-separator is-style-default\"\/>\n\n\n\n<p>The dispersed habitat of Miglos, corresponding today to the hamlets of Norgeat, Norrat, Axiat, Arquizat and Baychon, also seems to date from the Middle Ages, since they are found in the interrogations of the Inquisitor Jacques Fournier (future Pope Benedict XII ), carried out from 1318 to 1325. During the crusade against the Albigenses, in the thirteenth century, some inhabitants are also close to Catharism, in particular Arnaud de Miglos, lord of the place. He declares to the inquisitors not only to have &#8220;worshiped&#8221; heretics, but also to have supported the Cathar community of Monts\u00e9gur during the siege, by bringing them weapons.<\/p>\n\n\n\n<p>At the beginning of the 14th century (1311), the &#8220;de Miglos&#8221; family was dispossessed of its seigneury and its castle, in favor of that of Son (or Usson). They nevertheless kept some property on their former stronghold, then became lords of Junac, Luzenac and Ch\u00e2teau-Verdun. We know that the new lord, Bernard de Son, had his castle restored in 1320. Changing hands over the centuries (families of Rabat, Arnave, L\u00e9on, Louvie, B\u00e9on, Goth), the lordship of Miglos is associated with the Lord of Montaut from the 17th century. We know that during the French Revolution, the castle had already been abandoned for a long time and fell into ruin. Its lords had settled in a house in Arquizat (&#8220;le Castelh&#8221;). The de Vendomois family inherited all the possessions shortly after, then, in the revolution of 1830, they sold their property and left Miglos.<\/p>\n\n\n\n<p>Bought by SAFER in 1976, the castle became the property of the Ari\u00e8ge department in 1984.<\/p>\n\n\n\n<p>In 1987, it was classified as a historical monument and the Association of Friends of the Castle of Miglos AACM was created the same year.<\/p>\n\n\n\n<hr class=\"wp-block-separator is-style-wide\"\/>\n\n\n\n<h2 class=\"wp-block-heading\">Coat of arms of the Miglos family<\/h2>\n\n\n\n<div class=\"wp-block-image\"><figure class=\"aligncenter size-large\"><a href=\"https:\/\/chateau-miglos.fr\/wordpress-test\/wp-content\/uploads\/2021\/07\/armoiries-etude.png\" data-rel=\"lightbox-gallery-oZonUyzM\" data-rl_title=\"armoiries-etude\" data-rl_caption=\"\" title=\"armoiries-etude\"><img loading=\"lazy\" decoding=\"async\" width=\"800\" height=\"650\" src=\"https:\/\/chateau-miglos.fr\/wordpress-test\/wp-content\/uploads\/2021\/07\/armoiries-etude.png\" alt=\"\" class=\"wp-image-7608\"\/><\/a><\/figure><\/div>\n\n\n\n<p>Reading the coat of arms:<br><strong>Quartered:<br>\u2022 first and fourth, Gules a lion d&#8217;or;<br>\u2022 on the second, silver to the castle of three green towers mansory with sand;<br>\u2022 the third, azure with the cross of gold.<\/strong><\/p>\n\n\n\n<p>Heraldic notice: &#8220;quartered&#8221;: partition of the shield into 4.<\/p>\n\n\n\n<div class=\"wp-block-columns is-layout-flex wp-container-core-columns-layout-1 wp-block-columns-is-layout-flex\">\n<div class=\"wp-block-column is-layout-flow wp-block-column-is-layout-flow\">\n<p><strong>Background colors of the partitions:<\/strong><\/p>\n\n\n\n<ul><li>&#8220;gules&#8221;: red color,<\/li><li>&#8220;silver&#8221;: slightly gray color,<\/li><li>&#8220;azure&#8221;: blue color.<\/li><\/ul>\n\n\n\n<p><\/p>\n<\/div>\n\n\n\n<div class=\"wp-block-column is-layout-flow wp-block-column-is-layout-flow\">\n<p><strong>Colors of the representations:<\/strong><\/p>\n\n\n\n<ul><li>&#8220;gold&#8221;: yellow color,<\/li><li>&#8220;green&#8221;: green color,<\/li><li>&#8220;masonry&#8221;: lines of separation between the stones,<\/li><li>&#8220;sand&#8221;: black color.<\/li><\/ul>\n<\/div>\n<\/div>\n\n\n\n<hr class=\"wp-block-separator\"\/>\n","protected":false},"excerpt":{"rendered":"<p>Throughout history Miglos Castle, located at a strategic point in the Vicdessos valley, was to become part of an important defense system in the upper county of Foix. He was &#8230;<\/p>\n","protected":false},"author":2,"featured_media":0,"parent":835,"menu_order":0,"comment_status":"closed","ping_status":"closed","template":"template-fullwidth.php","meta":{"ngg_post_thumbnail":0,"footnotes":""},"yoast_head":"<!-- This site is optimized with the Yoast SEO plugin v23.0 - https:\/\/yoast.com\/wordpress\/plugins\/seo\/ -->\n<title>History of Miglos Castle - Ch\u00e2teau de Miglos<\/title>\n<meta name=\"robots\" content=\"index, follow, max-snippet:-1, max-image-preview:large, max-video-preview:-1\" \/>\n<link rel=\"canonical\" href=\"https:\/\/chateau-miglos.fr\/wordpress-test\/explorer\/chemin-dinterpretation\/history-of-miglos-castle\/\" \/>\n<meta property=\"og:locale\" content=\"fr_FR\" \/>\n<meta property=\"og:type\" content=\"article\" \/>\n<meta property=\"og:title\" content=\"History of Miglos Castle - Ch\u00e2teau de Miglos\" \/>\n<meta property=\"og:description\" content=\"Throughout history Miglos Castle, located at a strategic point in the Vicdessos valley, was to become part of an important defense system in the upper county of Foix. He was ...\" \/>\n<meta property=\"og:url\" content=\"https:\/\/chateau-miglos.fr\/wordpress-test\/explorer\/chemin-dinterpretation\/history-of-miglos-castle\/\" \/>\n<meta property=\"og:site_name\" content=\"Ch\u00e2teau de Miglos\" \/>\n<meta property=\"article:publisher\" content=\"https:\/\/www.facebook.com\/chateaudemiglos\/\" \/>\n<meta property=\"article:modified_time\" content=\"2021-07-23T00:11:35+00:00\" \/>\n<meta property=\"og:image\" content=\"https:\/\/chateau-miglos.fr\/wordpress-test\/wp-content\/uploads\/2021\/07\/lahondes-1024x663.png\" \/>\n<meta name=\"twitter:card\" content=\"summary_large_image\" \/>\n<meta name=\"twitter:label1\" content=\"Dur\u00e9e de lecture estim\u00e9e\" \/>\n\t<meta name=\"twitter:data1\" content=\"4 minutes\" \/>\n<script type=\"application\/ld+json\" class=\"yoast-schema-graph\">{\"@context\":\"https:\/\/schema.org\",\"@graph\":[{\"@type\":\"WebPage\",\"@id\":\"https:\/\/chateau-miglos.fr\/wordpress-test\/explorer\/chemin-dinterpretation\/history-of-miglos-castle\/\",\"url\":\"https:\/\/chateau-miglos.fr\/wordpress-test\/explorer\/chemin-dinterpretation\/history-of-miglos-castle\/\",\"name\":\"History of Miglos Castle - Ch\u00e2teau de Miglos\",\"isPartOf\":{\"@id\":\"https:\/\/chateau-miglos.fr\/wordpress-test\/#website\"},\"primaryImageOfPage\":{\"@id\":\"https:\/\/chateau-miglos.fr\/wordpress-test\/explorer\/chemin-dinterpretation\/history-of-miglos-castle\/#primaryimage\"},\"image\":{\"@id\":\"https:\/\/chateau-miglos.fr\/wordpress-test\/explorer\/chemin-dinterpretation\/history-of-miglos-castle\/#primaryimage\"},\"thumbnailUrl\":\"https:\/\/chateau-miglos.fr\/wordpress-test\/wp-content\/uploads\/2021\/07\/lahondes-1024x663.png\",\"datePublished\":\"2020-06-28T03:16:32+00:00\",\"dateModified\":\"2021-07-23T00:11:35+00:00\",\"breadcrumb\":{\"@id\":\"https:\/\/chateau-miglos.fr\/wordpress-test\/explorer\/chemin-dinterpretation\/history-of-miglos-castle\/#breadcrumb\"},\"inLanguage\":\"fr-FR\",\"potentialAction\":[{\"@type\":\"ReadAction\",\"target\":[\"https:\/\/chateau-miglos.fr\/wordpress-test\/explorer\/chemin-dinterpretation\/history-of-miglos-castle\/\"]}]},{\"@type\":\"ImageObject\",\"inLanguage\":\"fr-FR\",\"@id\":\"https:\/\/chateau-miglos.fr\/wordpress-test\/explorer\/chemin-dinterpretation\/history-of-miglos-castle\/#primaryimage\",\"url\":\"https:\/\/chateau-miglos.fr\/wordpress-test\/wp-content\/uploads\/2021\/07\/lahondes.png\",\"contentUrl\":\"https:\/\/chateau-miglos.fr\/wordpress-test\/wp-content\/uploads\/2021\/07\/lahondes.png\",\"width\":1663,\"height\":1076},{\"@type\":\"BreadcrumbList\",\"@id\":\"https:\/\/chateau-miglos.fr\/wordpress-test\/explorer\/chemin-dinterpretation\/history-of-miglos-castle\/#breadcrumb\",\"itemListElement\":[{\"@type\":\"ListItem\",\"position\":1,\"name\":\"Accueil\",\"item\":\"https:\/\/chateau-miglos.fr\/wordpress-test\/\"},{\"@type\":\"ListItem\",\"position\":2,\"name\":\"Explorer\",\"item\":\"https:\/\/chateau-miglos.fr\/wordpress-test\/explorer\/\"},{\"@type\":\"ListItem\",\"position\":3,\"name\":\"Chemin d&#8217;interpr\u00e9tation\",\"item\":\"https:\/\/chateau-miglos.fr\/wordpress-test\/explorer\/chemin-dinterpretation\/\"},{\"@type\":\"ListItem\",\"position\":4,\"name\":\"History of Miglos Castle\"}]},{\"@type\":\"WebSite\",\"@id\":\"https:\/\/chateau-miglos.fr\/wordpress-test\/#website\",\"url\":\"https:\/\/chateau-miglos.fr\/wordpress-test\/\",\"name\":\"Ch\u00e2teau de Miglos\",\"description\":\"une ch\u00e2teau, une vall\u00e9e\",\"publisher\":{\"@id\":\"https:\/\/chateau-miglos.fr\/wordpress-test\/#organization\"},\"potentialAction\":[{\"@type\":\"SearchAction\",\"target\":{\"@type\":\"EntryPoint\",\"urlTemplate\":\"https:\/\/chateau-miglos.fr\/wordpress-test\/?s={search_term_string}\"},\"query-input\":\"required name=search_term_string\"}],\"inLanguage\":\"fr-FR\"},{\"@type\":\"Organization\",\"@id\":\"https:\/\/chateau-miglos.fr\/wordpress-test\/#organization\",\"name\":\"Ch\u00e2teau de Miglos\",\"url\":\"https:\/\/chateau-miglos.fr\/wordpress-test\/\",\"logo\":{\"@type\":\"ImageObject\",\"inLanguage\":\"fr-FR\",\"@id\":\"https:\/\/chateau-miglos.fr\/wordpress-test\/#\/schema\/logo\/image\/\",\"url\":\"https:\/\/chateau-miglos.fr\/wordpress-test\/wp-content\/uploads\/2019\/06\/seul.png\",\"contentUrl\":\"https:\/\/chateau-miglos.fr\/wordpress-test\/wp-content\/uploads\/2019\/06\/seul.png\",\"width\":801,\"height\":705,\"caption\":\"Ch\u00e2teau de Miglos\"},\"image\":{\"@id\":\"https:\/\/chateau-miglos.fr\/wordpress-test\/#\/schema\/logo\/image\/\"},\"sameAs\":[\"https:\/\/www.facebook.com\/chateaudemiglos\/\",\"https:\/\/www.instagram.com\/chateaudemiglos\/\",\"https:\/\/www.youtube.com\/channel\/UC70FrOmo9xvq8eHCA4YTs9A\",\"https:\/\/fr.wikipedia.org\/wiki\/Ch\u00e2teau_de_Miglos\"]}]}<\/script>\n<!-- \/ Yoast SEO plugin. -->","yoast_head_json":{"title":"History of Miglos Castle - Ch\u00e2teau de Miglos","robots":{"index":"index","follow":"follow","max-snippet":"max-snippet:-1","max-image-preview":"max-image-preview:large","max-video-preview":"max-video-preview:-1"},"canonical":"https:\/\/chateau-miglos.fr\/wordpress-test\/explorer\/chemin-dinterpretation\/history-of-miglos-castle\/","og_locale":"fr_FR","og_type":"article","og_title":"History of Miglos Castle - Ch\u00e2teau de Miglos","og_description":"Throughout history Miglos Castle, located at a strategic point in the Vicdessos valley, was to become part of an important defense system in the upper county of Foix. He was ...","og_url":"https:\/\/chateau-miglos.fr\/wordpress-test\/explorer\/chemin-dinterpretation\/history-of-miglos-castle\/","og_site_name":"Ch\u00e2teau de Miglos","article_publisher":"https:\/\/www.facebook.com\/chateaudemiglos\/","article_modified_time":"2021-07-23T00:11:35+00:00","og_image":[{"url":"https:\/\/chateau-miglos.fr\/wordpress-test\/wp-content\/uploads\/2021\/07\/lahondes-1024x663.png"}],"twitter_card":"summary_large_image","twitter_misc":{"Dur\u00e9e de lecture estim\u00e9e":"4 minutes"},"schema":{"@context":"https:\/\/schema.org","@graph":[{"@type":"WebPage","@id":"https:\/\/chateau-miglos.fr\/wordpress-test\/explorer\/chemin-dinterpretation\/history-of-miglos-castle\/","url":"https:\/\/chateau-miglos.fr\/wordpress-test\/explorer\/chemin-dinterpretation\/history-of-miglos-castle\/","name":"History of Miglos Castle - Ch\u00e2teau de Miglos","isPartOf":{"@id":"https:\/\/chateau-miglos.fr\/wordpress-test\/#website"},"primaryImageOfPage":{"@id":"https:\/\/chateau-miglos.fr\/wordpress-test\/explorer\/chemin-dinterpretation\/history-of-miglos-castle\/#primaryimage"},"image":{"@id":"https:\/\/chateau-miglos.fr\/wordpress-test\/explorer\/chemin-dinterpretation\/history-of-miglos-castle\/#primaryimage"},"thumbnailUrl":"https:\/\/chateau-miglos.fr\/wordpress-test\/wp-content\/uploads\/2021\/07\/lahondes-1024x663.png","datePublished":"2020-06-28T03:16:32+00:00","dateModified":"2021-07-23T00:11:35+00:00","breadcrumb":{"@id":"https:\/\/chateau-miglos.fr\/wordpress-test\/explorer\/chemin-dinterpretation\/history-of-miglos-castle\/#breadcrumb"},"inLanguage":"fr-FR","potentialAction":[{"@type":"ReadAction","target":["https:\/\/chateau-miglos.fr\/wordpress-test\/explorer\/chemin-dinterpretation\/history-of-miglos-castle\/"]}]},{"@type":"ImageObject","inLanguage":"fr-FR","@id":"https:\/\/chateau-miglos.fr\/wordpress-test\/explorer\/chemin-dinterpretation\/history-of-miglos-castle\/#primaryimage","url":"https:\/\/chateau-miglos.fr\/wordpress-test\/wp-content\/uploads\/2021\/07\/lahondes.png","contentUrl":"https:\/\/chateau-miglos.fr\/wordpress-test\/wp-content\/uploads\/2021\/07\/lahondes.png","width":1663,"height":1076},{"@type":"BreadcrumbList","@id":"https:\/\/chateau-miglos.fr\/wordpress-test\/explorer\/chemin-dinterpretation\/history-of-miglos-castle\/#breadcrumb","itemListElement":[{"@type":"ListItem","position":1,"name":"Accueil","item":"https:\/\/chateau-miglos.fr\/wordpress-test\/"},{"@type":"ListItem","position":2,"name":"Explorer","item":"https:\/\/chateau-miglos.fr\/wordpress-test\/explorer\/"},{"@type":"ListItem","position":3,"name":"Chemin d&#8217;interpr\u00e9tation","item":"https:\/\/chateau-miglos.fr\/wordpress-test\/explorer\/chemin-dinterpretation\/"},{"@type":"ListItem","position":4,"name":"History of Miglos Castle"}]},{"@type":"WebSite","@id":"https:\/\/chateau-miglos.fr\/wordpress-test\/#website","url":"https:\/\/chateau-miglos.fr\/wordpress-test\/","name":"Ch\u00e2teau de Miglos","description":"une ch\u00e2teau, une vall\u00e9e","publisher":{"@id":"https:\/\/chateau-miglos.fr\/wordpress-test\/#organization"},"potentialAction":[{"@type":"SearchAction","target":{"@type":"EntryPoint","urlTemplate":"https:\/\/chateau-miglos.fr\/wordpress-test\/?s={search_term_string}"},"query-input":"required name=search_term_string"}],"inLanguage":"fr-FR"},{"@type":"Organization","@id":"https:\/\/chateau-miglos.fr\/wordpress-test\/#organization","name":"Ch\u00e2teau de Miglos","url":"https:\/\/chateau-miglos.fr\/wordpress-test\/","logo":{"@type":"ImageObject","inLanguage":"fr-FR","@id":"https:\/\/chateau-miglos.fr\/wordpress-test\/#\/schema\/logo\/image\/","url":"https:\/\/chateau-miglos.fr\/wordpress-test\/wp-content\/uploads\/2019\/06\/seul.png","contentUrl":"https:\/\/chateau-miglos.fr\/wordpress-test\/wp-content\/uploads\/2019\/06\/seul.png","width":801,"height":705,"caption":"Ch\u00e2teau de Miglos"},"image":{"@id":"https:\/\/chateau-miglos.fr\/wordpress-test\/#\/schema\/logo\/image\/"},"sameAs":["https:\/\/www.facebook.com\/chateaudemiglos\/","https:\/\/www.instagram.com\/chateaudemiglos\/","https:\/\/www.youtube.com\/channel\/UC70FrOmo9xvq8eHCA4YTs9A","https:\/\/fr.wikipedia.org\/wiki\/Ch\u00e2teau_de_Miglos"]}]}},"rttpg_featured_image_url":null,"rttpg_author":{"display_name":"AACM","author_link":"https:\/\/chateau-miglos.fr\/wordpress-test\/author\/aacm\/"},"rttpg_comment":0,"rttpg_category":null,"rttpg_excerpt":"Throughout history Miglos Castle, located at a strategic point in the Vicdessos valley, was to become part of an important defense system in the upper county of Foix. He was ...","_links":{"self":[{"href":"https:\/\/chateau-miglos.fr\/wordpress-test\/wp-json\/wp\/v2\/pages\/5617"}],"collection":[{"href":"https:\/\/chateau-miglos.fr\/wordpress-test\/wp-json\/wp\/v2\/pages"}],"about":[{"href":"https:\/\/chateau-miglos.fr\/wordpress-test\/wp-json\/wp\/v2\/types\/page"}],"author":[{"embeddable":true,"href":"https:\/\/chateau-miglos.fr\/wordpress-test\/wp-json\/wp\/v2\/users\/2"}],"replies":[{"embeddable":true,"href":"https:\/\/chateau-miglos.fr\/wordpress-test\/wp-json\/wp\/v2\/comments?post=5617"}],"version-history":[{"count":13,"href":"https:\/\/chateau-miglos.fr\/wordpress-test\/wp-json\/wp\/v2\/pages\/5617\/revisions"}],"predecessor-version":[{"id":7612,"href":"https:\/\/chateau-miglos.fr\/wordpress-test\/wp-json\/wp\/v2\/pages\/5617\/revisions\/7612"}],"up":[{"embeddable":true,"href":"https:\/\/chateau-miglos.fr\/wordpress-test\/wp-json\/wp\/v2\/pages\/835"}],"wp:attachment":[{"href":"https:\/\/chateau-miglos.fr\/wordpress-test\/wp-json\/wp\/v2\/media?parent=5617"}],"curies":[{"name":"wp","href":"https:\/\/api.w.org\/{rel}","templated":true}]}}